ctors of g?
43
Let d = -816 + -546. Let b = 3084 + d. List the prime factors of b.
2, 3, 7, 41
Let p(c) = -150*c**3 + 16*c**2 + 11. What are the prime factors of p(-4)?
3, 11, 13, 23
Suppose 47 = 2*v - 215. Let l be 0/(((-15)/6)/(-5)*-2). Suppose -o + v - 40 = l. List the prime factors of o.
7, 13
Let f(w) = 316*w**2 - 49*w - 176. List the prime factors of f(7).
5, 41, 73
Let u be (244/(-305))/(2/(-20)). Let n(z) = 115*z - 147. What are the prime factors of n(u)?
773
Suppose 4*x - 1 = -l - 0, 0 = 2*x - 3*l + 3. Suppose 0 = -3*m + 5*q + 1030, 2*m - 680 = -x*m + 5*q. What are the prime factors of m?
2, 5, 7
Suppose 26 = 19*f - 31. Suppose 2*z + o - 370 = 3*o, f*o = -z + 165. List the prime factors of z.
2, 3, 5
Let g(a) be the third derivative of -5*a**4/24 - 43*a**3/6 + 2*a**2 - 55*a - 6. Let w be (-2)/(((-2)/(-11))/1). What are the prime factors of g(w)?
2, 3
Let l(s) = s**2 + 69*s + 1289. What are the prime factors of l(-93)?
7, 503
Suppose 0 = 464*w - 473*w + 62271. List the prime factors of w.
11, 17, 37
Let k = 7491 - 5402. List the prime factors of k.
2089
Let d(c) = 2*c**3 - 8*c**2 - 40*c + 12. Let x = 166 + -157. List the prime factors of d(x).
2, 3, 7, 11
Suppose 0 = -46*l + 346907 - 103445 + 568208. What are the prime factors of l?
5, 3529
Let k be 3 + (-1 - 0)/((-16)/(-112)). Let h be -2 + 86/2 - 1. List the prime factors of (k + h/12)/(2/(-51)).
17
Let a(j) = 8954*j**2 - 6*j. What are the prime factors of a(-1)?
2, 5, 7
Suppose -78*p + 110*p = -297*p + 6396747. What are the prime factors of p?
3, 6481
Let v = -189 + 193. Suppose -5*j + 5*p + 2947 = 2*p, -3*j + 1777 = -v*p. List the prime factors of j.
587
Suppose -23*f + 355 = -18*f. Let b = -1 + 17. Let q = f - b. What are the prime factors of q?
5, 11
Let k be (-20 - -24)*2/4. Suppose -2*l - k*l - 96 = -3*q, 4*q = -l + 109. List the prime factors of q.
2, 7
Let r be (-35)/(-7)*1 + -2. What are the prime factors of ((-10296)/r)/(-6) - 5?
3, 7
Let u(a) = 6*a**3 - 180*a**2 + 14*a + 267. List the prime factors of u(33).
3, 251
Let i(c) = 321*c**2 - 1014*c - 18. List the prime factors of i(13).
3, 4561
Let z(r) = -r**3 + 5*r**2 + 7*r - 4. Let q be z(6). Suppose -q*i + 165 = b - i, -2*i + 4 = 0. List the prime factors of b.
163
Let o be 130/(-52)*4/(-5) - -1513. Suppose -125*f - o = -130*f. What are the prime factors of f?
3, 101
Let t = -9450 + 15342. List the prime factors of t.
2, 3, 491
Suppose 80250 = 3*z - 2*t, -3*t = 1362 - 1380. List the prime factors of z.
2, 3, 7, 13
Suppose 0 = 5*s + 45*s + 19*s - 444015. What are the prime factors of s?
3, 5, 11, 13
Let q(k) = 9*k + 16. Let i(r) = 1. Let f(y) = -i(y) - q(y). Let x be f(-7). Suppose -x = -6*t + 1172. List the prime factors of t.
7, 29
Suppose -153 = -3*s + 162. Suppose 8*z - s = z. What are the prime factors of z?
3, 5
Suppose 154 = -10*x + 114. What are the prime factors of (-1 - 0) + 3 + 680 + x?
2, 3, 113
Suppose 42*d - 834155 = 168259. What are the prime factors of d?
29, 823
Let j be 9 - 14 - ((0 - 1071) + 2). Let n = j - 423. What are the prime factors of n?
641
Let n(f) = -41*f + 993. What are the prime factors of n(10)?
11, 53
Suppose 16*n = 143 + 3537. Suppose b - 2*b - h = -n, -h = -1. What are the prime factors of b?
229
Suppose -3*s + 50 = 2*s. Let v = s + 0. Suppose -2*f = 3*f - v. What are the prime factors of f?
2
Let n = 71 - 23. Suppose -2352 = 42*t - n*t. List the prime factors of t.
2, 7
Suppose 92*k - 95*k + 126 = 0. Let x = -27 + k. Suppose -i = -x*i + 546. What are the prime factors of i?
3, 13
Suppose 4*z = -3*s + 103392, 23*s - 34459 = 22*s - 3*z. List the prime factors of s.
2, 7, 1231
Let o(s) = 7*s - 13. Let v(g) = -15*g + 26. Let t(y) = -5*o(y) - 2*v(y). List the prime factors of t(-9).
2, 29
Suppose 4*u - 1164 = -2*u. Suppose 0 = 3*n - 1463 + u. List the prime factors of n.
3, 47
Suppose 10*p = -3 + 863. Suppose -p*l + 40180 = -51*l. What are the prime factors of l?
2, 7, 41
Suppose -37 = -7*c + 54. Suppose 0 = c*d + 100 - 503. What are the prime factors of d?
31
Let u = 43062 + -25060. List the prime factors of u.
2, 9001
Suppose 10 = -9*m + 4*m - 4*g, m = 3*g - 2. Let q be -12 - 2/(2/(-1)). What are the prime factors of (-1872)/q + m/44*4?
2, 5, 17
Let p = 4136 + -2145. Suppose 1505 + p = 8*m. List the prime factors of m.
19, 23
Let l(h) = -h**2 + h + 1. Let p(s) = 5*s**2 - 16*s + 1. Let g(i) = 6*l(i) + p(i). Let t be g(-5). Suppose -j = -t - 27. List the prime factors of j.
59
Let h be 141 - (-1 - (-3 + 2)). Suppose -i = -4*s - h - 7, s = -i + 133. What are the prime factors of i?
2, 17
Suppose -7*s = 4*s - 187. Suppose -5*x + s*q + 2450 = 22*q, -1987 = -4*x + 5*q. What are the prime factors of x?
17, 29
Suppose 281*g + 435361 = 911518 + 2083191. List the prime factors of g.
2, 3, 11, 23
List the prime factors of 58/2*((-6685)/(-140) - 14/8).
2, 23, 29
Let h be (0 - 12)*15/60. Let k(c) = 95*c**2 - 10*c - 34. What are the prime factors of k(h)?
23, 37
Suppose 53*t = 48*t + 6515. Let h = -757 + t. What are the prime factors of h?
2, 3, 7, 13
Let v = -180 + 257. What are the prime factors of (-4420)/(-14) + 22/v?
2, 79
Let g = -6056 - -6061. Suppose 0 = 3*q + q + 12. List the prime factors of q/(-30)*g*436.
2, 109
What are the prime factors of (-27)/(-12)*(-757064)/(-66)?
3, 7, 1229
Let z(s) = 2293*s + 514. List the prime factors of z(4).
2, 29, 167
Let x = -130 + 130. What are the prime factors of (-29 + x)/(1 - 35/30)?
2, 3, 29
Suppose -15*l = -10*l - 10. Suppose -3*v = -c + 3, -c - 4*v = -2*v - 3. Suppose -3*t - 5*h + 246 = 0, -c*h - l*h = 0. List the prime factors of t.
2, 41
Let q = -407 - -407. Suppose -2956 = -2*p - 0*f + 2*f, 3*p - 5*f - 4430 = q. What are the prime factors of p?
2, 5, 37
Let p be -3*(-3 + 0)/3. List the prime factors of 1 + 162/1 - p.
2, 5
Suppose 4*l - 5 = 11. Suppose 5*o + i = -18 - 15, -2*o - l*i - 24 = 0. What are the prime factors of 66/1 - (-6)/o?
5, 13
Let x(a) = 4*a + 25. Let i be 1*(1 - 2)*13 - -3. Let t be x(i). What are the prime factors of ((-156)/10)/(3/t)?
2, 3, 13
Suppose -13*s - 2*w + 203641 = 0, 0*w - 62664 = -4*s + 2*w. What are the prime factors of s?
5, 13, 241
Let p(q) = -408*q + 681. What are the prime factors of p(-48)?
3, 5, 7, 193
Let l(c) = 1420*c**3 - 6*c**2 + 3*c + 6. List the prime factors of l(2).
2, 2837
Suppose -5*y = 5*g, 5*g + 4*y = -0*y + 5. Suppose g*z - 1435 = k, -3*z - 273 = -4*z + 3*k. Let i = -183 + z. What are the prime factors of i?
3, 5, 7
Suppose 35*c - 1520 = 16*c. What are the prime factors of (256/c)/(1/5)?
2
Let v be 162 - 5/(-5) - 7. List the prime factors of ((-411)/(-2)*-3)/((-117)/v).
2, 3, 137
Let d = -3 - 31. List the prime factors of (-2346)/(-10) - d/85.
5, 47
Let p be ((-12)/18)/((-2)/6)*-1. Let j be (p + 3)/((-3)/(-2) + -2). List the prime factors of j + (6 - 1) + 86.
89
Let h(k) = -k**3 - k**2 + k + 1. Let f be h(-2). Suppose -r - 99 = b - 9, 0 = 2*r - f*b + 175. Let i = 166 + r. List the prime factors of i.
7, 11
Let t be 2*((140/8)/1 + 0). Let o = t - 34. List the prime factors of o/((-272)/(-268) + -1).
67
Let s be -3*(-2*3/6 - -4). Let i(k) = -2*k**2 - 16*k + 27. Let u be i(s). What are the prime factors of 9/(u/10) - 1?
3
Suppose 4474*b - 4478*b - 2*n + 3324 = 0, 0 = 6*b + 5*n - 4994. What are the prime factors of b?
829
Let x be (-228)/304*(-16)/(-6). Suppose 0*u - 26 = 2*o - 4*u, 19 = 2*o + 5*u. List the prime factors of (x/6)/(o/36).
2
Let r(i) = 5*i - 4. Let p be r(2). Let z be p/(2 - (-99)/(-51)). Let o = -47 + z. What are the prime factors of o?
5, 11
Let t be (3/6)/(1/96130). What are the prime factors of t/225*3 - 2/(-15)?
641
Suppose w = 4*n + 826 + 2300, -9378 = -3*w - 2*n. Suppose j = -3*m + 630, 0 = 5*j - 2*m - w - 58. Suppose -49*q + j = -46*q. List the prime factors of q.
2, 53
Suppose 0 = 3726*x - 3728*x + 3422. List the prime factors of x.
29, 59
Let f(n) = 6417*n - 4319. List the prime factors of f(13).
2, 39551
Suppose 2520980 = 181*c - 126*c. What are the prime factors of c?
2, 7, 1637
Suppose -5*o + 10*o = 10. Let a = o + -36. Let u = a + 69. List the prime factors of u.
5, 7
Suppose -i = 212 + 92. Let m = -36 - i. Let a = -56 + m. What are the prime factors of a?
2, 53
Suppose 5*t + 68 = -42. Let x = 22 + t. Suppose x = 3*o + 184 - 520. What are the prime factors of o?
2, 7
Let v = 5